te the remainder when 14852518 is divided by 2970500.
18
Calculate the remainder when 212275 is divided by 42451.
20
What is the remainder when 3774943 is divided by 5?
3
Calculate the remainder when 129391097 is divided by 101.
98
What is the remainder when 95759 is divided by 95528?
231
What is the remainder when 200933 is divided by 220?
73
Calculate the remainder when 592885 is divided by 184.
37
Calculate the remainder when 330537 is divided by 7955.
4382
Calculate the remainder when 69343319 is divided by 1765.
1764
What is the remainder when 129990 is divided by 24757?
6205
What is the remainder when 19736 is divided by 6576?
8
What is the remainder when 2022344 is divided by 160?
104
What is the remainder when 42323504 is divided by 3027?
3017
What is the remainder when 403279 is divided by 1323?
1087
What is the remainder when 8058951 is divided by 49?
19
What is the remainder when 12996192 is divided by 1624524?
0
Calculate the remainder when 7159311 is divided by 47.
36
What is the remainder when 11216612 is divided by 166?
158
Calculate the remainder when 783856 is divided by 111977.
17
Calculate the remainder when 367817 is divided by 2591.
2486
Calculate the remainder when 112389423 is divided by 259.
258
Calculate the remainder when 3715280 is divided by 3715260.
20
What is the remainder when 52467793 is divided by 26233891?
11
Calculate the remainder when 4909302 is divided by 158.
84
Calculate the remainder when 55156 is divided by 16785.
4801
What is the remainder when 509185 is divided by 254504?
177
What is the remainder when 2258941 is divided by 4438?
4437
Calculate the remainder when 34829077 is divided by 520.
517
Calculate the remainder when 311522 is divided by 77871.
38
Calculate the remainder when 227163 is divided by 506.
475
Calculate the remainder when 16135628 is divided by 36.
32
Calculate the remainder when 33243781 is divided by 1537.
8
Calculate the remainder when 36330802 is divided by 50600.
2
What is the remainder when 4973571 is divided by 11?
9
Calculate the remainder when 219562024 is divided by 27445250.
24
What is the remainder when 37682486 is divided by 7536495?
11
What is the remainder when 453093 is divided by 34853?
4
What is the remainder when 3886699 is divided by 88334?
3
Calculate the remainder when 1130482 is divided by 417.
412
What is the remainder when 195443 is divided by 195293?
150
What is the remainder when 134984 is divided by 457?
169
What is the remainder when 172573 is divided by 57515?
28
What is the remainder when 3410865 is divided by 1136949?
18
Calculate the remainder when 596974 is divided by 149151.
370
Calculate the remainder when 2502240 is divided by 16.
0
What is the remainder when 19306 is divided by 99?
1
Calculate the remainder when 2219205 is divided by 29989.
19
What is the remainder when 278520 is divided by 794?
620
What is the remainder when 183916 is divided by 10700?
2016
What is the remainder when 21312613 is divided by 2891?
161
Calculate the remainder when 410657474 is divided by 329.
3
What is the remainder when 295147 is divided by 18401?
731
What is the remainder when 6916136 is divided by 385?
381
Calculate the remainder when 4449317 is divided by 41.
38
What is the remainder when 2110970 is divided by 65?
30
Calculate the remainder when 10202140 is divided by 3400690.
70
What is the remainder when 54845 is divided by 593?
289
What is the remainder when 24747293 is divided by 13?
12
What is the remainder when 34852 is divided by 1638?
454
What is the remainder when 9745608 is divided by 46?
2
What is the remainder when 8342677 is divided by 73829?
0
What is the remainder when 47591 is divided by 567?
530
Calculate the remainder when 160926 is divided by 53618.
72
Calculate the remainder when 408317 is divided by 270.
77
Calculate the remainder when 4701 is divided by 573.
117
Calculate the remainder when 3098169 is divided by 462.
459
Calculate the remainder when 45930762 is divided by 3487.
3485
What is the remainder when 16981546 is divided by 54603?
13
Calculate the remainder when 1576549 is divided by 615.
304
Calculate the remainder when 155648 is divided by 326.
146
What is the remainder when 30296681 is divided by 6870?
6851
What is the remainder when 193490 is divided by 357?
353
What is the remainder when 6402367 is divided by 224?
223
Calculate the remainder when 521514 is divided by 661.
646
Calculate the remainder when 46311351 is divided by 3894.
9
Calculate the remainder when 441342293 is divided by 1015.
1008
What is the remainder when 755418 is divided by 188852?
10
What is the remainder when 412571 is divided by 856?
835
What is the remainder when 170230477 is divided by 69738?
19
What is the remainder when 12748644 is divided by 1703?
1689
What is the remainder when 163901562 is divided by 9?
6
What is the remainder when 550540 is divided by 5768?
2580
What is the remainder when 108894 is divided by 21775?
19
What is the remainder when 124247 is divided by 1924?
1111
What is the remainder when 25333543 is divided by 3653?
3641
What is the remainder when 8899810 is divided by 10827?
16
Calculate the remainder when 191765460 is divided by 4917063.
3
Calculate the remainder when 103143 is divided by 25783.
11
What is the remainder when 592382 is divided by 1271?
96
Calculate the remainder when 769648 is divided by 9885.
8503
What is the remainder when 943592 is divided by 26?
0
What is the remainder when 2523527 is divided by 2144?
39
What is the remainder when 82029 is divided by 81867?
162
What is the remainder when 299385 is divided by 2225?
1235
Calculate the remainder when 459584 is divided by 9772.
300
What is the remainder when 67183 is divided by 6496?
2223
What is the remainder when 361898 is divided by 216?
98
Calculate the remainder when 95625 is divided by 95.
55
What is the remainder when 44047603 is divided by 38?
17
Calculate the remainder when 139580 is divided by 69744.
92
Calculate the remainder when 131089 is divided by 1111.
1102
What is the remainder when 710281333 is divided by 51?
49
What is the remainder when 5013701 is divided by 2953?
2460
What is the remainder when 640555 is divided by 209747?
11314
Calculate the remainder when 79559841 is divided by 66857.
11
Calculate the remainder when 1639008 is divided by 41.
33
What is the remainder when 70104 is divided by 70036?
68
What is the remainder when 172125 is divided by 172119?
6
Calculate the remainder when 348404 is divided by 18318.
362
What is the remainder when 2550908 is divided by 40?
28
Calculate the remainder when 2705237 is divided by 28.
17
Calculate the remainder when 58821648 is divided by 58821635.
13
What is the remainder when 11119690 is divided by 16?
10
Calculate the remainder when 170010631 is divided by 4047872.
7
What is the remainder when 382457 is divided by 2603?
2419
What is the remainder when 13395922 is divided by 226?
224
Calculate the remainder when 16971 is divided by 340.
311
What is the remainder when 14035063 is divided by 749?
301
What is the remainder when 1151581 is divided by 191929?
7
Calculate the remainder when 5759 is divided by 4509.
1250
What is the remainder when 166745652 is divided by 56?
52
What is the remainder when 248388 is divided by 11290?
8
Calculate the remainder when 166012890 is divided by 101.
99
What is the remainder when 106609885 is divided by 2464?
2461
What is the remainder when 487899 is divided by 1549?
1513
What is the remainder when 21293094 is divided by 4?
2
Calculate the remainder when 1341264 is divided by 4824.
192
What is the remainder when 16072818 is divided by 2009102?
2
Calculate the remainder when 4733949 is divided by 367.
16
What is the remainder when 1931174 is divided by 107?
38
Calculate the remainder when 81944 is divided by 2993.
1133
What is the remainder when 692400 is divided by 2663?
20
What is the remainder when 1107943 is divided by 100716?
67
What is the remainder when 14662923 is divided by 916432?
11
What is the remainder when 2693691 is divided by 7524?
99
Calculate the remainder when 2092872 is divided by 9872.
8
Calculate the remainder when 168040 is divided by 144.
136
Calculate the remainder when 10915049 is divided by 17298.
11
Calculate the remainder when 68